53?
11
What is the remainder when 16203 is divided by 74?
71
What is the remainder when 903 is divided by 91?
84
What is the remainder when 17376 is divided by 158?
154
Calculate the remainder when 614 is divided by 24.
14
What is the remainder when 628 is divided by 16?
4
What is the remainder when 308 is divided by 146?
16
What is the remainder when 294 is divided by 84?
42
Calculate the remainder when 73 is divided by 29.
15
What is the remainder when 687 is divided by 86?
85
Calculate the remainder when 243 is divided by 18.
9
What is the remainder when 881 is divided by 6?
5
What is the remainder when 22516 is divided by 11?
10
What is the remainder when 258 is divided by 146?
112
What is the remainder when 365 is divided by 185?
180
Calculate the remainder when 120 is divided by 82.
38
Calculate the remainder when 442 is divided by 209.
24
Calculate the remainder when 578 is divided by 97.
93
What is the remainder when 786 is divided by 11?
5
What is the remainder when 369 is divided by 27?
18
Calculate the remainder when 6637 is divided by 16.
13
Calculate the remainder when 148 is divided by 22.
16
Calculate the remainder when 173 is divided by 55.
8
What is the remainder when 217 is divided by 73?
71
Calculate the remainder when 315 is divided by 40.
35
What is the remainder when 2901 is divided by 88?
85
What is the remainder when 328 is divided by 78?
16
What is the remainder when 2200 is divided by 201?
190
Calculate the remainder when 561 is divided by 273.
15
Calculate the remainder when 1139 is divided by 8.
3
Calculate the remainder when 915 is divided by 102.
99
What is the remainder when 14 is divided by 6?
2
Calculate the remainder when 123 is divided by 56.
11
Calculate the remainder when 2560 is divided by 31.
18
Calculate the remainder when 1421 is divided by 19.
15
Calculate the remainder when 1086 is divided by 183.
171
Calculate the remainder when 1821 is divided by 356.
41
Calculate the remainder when 115 is divided by 59.
56
Calculate the remainder when 1164 is divided by 5.
4
Calculate the remainder when 1808 is divided by 67.
66
Calculate the remainder when 2510 is divided by 157.
155
What is the remainder when 381 is divided by 23?
13
Calculate the remainder when 141 is divided by 129.
12
Calculate the remainder when 252 is divided by 20.
12
What is the remainder when 14943 is divided by 12?
3
What is the remainder when 440 is divided by 27?
8
Calculate the remainder when 181 is divided by 64.
53
What is the remainder when 38 is divided by 7?
3
Calculate the remainder when 223 is divided by 12.
7
What is the remainder when 448 is divided by 186?
76
What is the remainder when 285 is divided by 161?
124
What is the remainder when 14551 is divided by 63?
61
What is the remainder when 4892 is divided by 17?
13
What is the remainder when 1184 is divided by 391?
11
What is the remainder when 729 is divided by 35?
29
Calculate the remainder when 426 is divided by 40.
26
Calculate the remainder when 6482 is divided by 59.
51
What is the remainder when 73 is divided by 27?
19
What is the remainder when 50 is divided by 6?
2
Calculate the remainder when 873 is divided by 175.
173
Calculate the remainder when 11654 is divided by 124.
122
What is the remainder when 5721 is divided by 249?
243
Calculate the remainder when 20363 is divided by 6.
5
What is the remainder when 6902 is divided by 117?
116
What is the remainder when 31 is divided by 7?
3
What is the remainder when 1223 is divided by 95?
83
Calculate the remainder when 167 is divided by 7.
6
What is the remainder when 135 is divided by 41?
12
Calculate the remainder when 3962 is divided by 128.
122
Calculate the remainder when 113 is divided by 23.
21
Calculate the remainder when 418 is divided by 53.
47
What is the remainder when 46 is divided by 6?
4
What is the remainder when 155 is divided by 43?
26
Calculate the remainder when 191 is divided by 6.
5
Calculate the remainder when 86 is divided by 11.
9
What is the remainder when 21 is divided by 12?
9
What is the remainder when 1217 is divided by 60?
17
What is the remainder when 7855 is divided by 271?
267
Calculate the remainder when 98 is divided by 34.
30
Calculate the remainder when 129 is divided by 50.
29
What is the remainder when 670 is divided by 12?
10
What is the remainder when 279 is divided by 42?
27
Calculate the remainder when 198 is divided by 111.
87
Calculate the remainder when 435 is divided by 142.
9
What is the remainder when 254 is divided by 68?
50
Calculate the remainder when 1250 is divided by 5.
0
Calculate the remainder when 444 is divided by 6.
0
Calculate the remainder when 16150 is divided by 12.
10
What is the remainder when 2715 is divided by 12?
3
Calculate the remainder when 2770 is divided by 230.
10
What is the remainder when 12624 is divided by 22?
18
What is the remainder when 1726 is divided by 32?
30
What is the remainder when 227 is divided by 7?
3
What is the remainder when 419 is divided by 191?
37
Calculate the remainder when 18470 is divided by 47.
46
What is the remainder when 167 is divided by 42?
41
What is the remainder when 581 is divided by 98?
91
Calculate the remainder when 16 is divided by 14.
2
What is the remainder when 8 is divided by 3?
2
Calculate the remainder when 864 is divided by 20.
4
What is the remainder when 1079 is divided by 91?
78
Calculate the remainder when 54 is divided by 46.
8
What is the remainder when 908 is divided by 9?
8
Calculate the remainder when 313 is divided by 136.
41
What is the remainder when 1217 is divided by 95?
77
What is the remainder when 275 is divided by 28?
23
What is the remainder when 485 is divided by 99?
89
What is the remainder when 799 is divided by 789?
10
What is the remainder when 632 is divided by 49?
44
Calculate the remainder when 389 is divided by 34.
15
Calculate the remainder when 502 is divided by 18.
16
What is the remainder when 1059 is divided by 59?
56
Calculate the remainder when 5732 is divided by 61.
59
What is the remainder when 3571 is divided by 38?
37
Calculate the remainder when 236 is divided by 141.
95
Calculate the remainder when 9886 is divided by 206.
204
What is the remainder when 485 is divided by 15?
5
Calculate the remainder when 422 is divided by 47.
46
Calculate the remainder when 116 is divided by 105.
11
What is the remainder when 550 is divided by 8?
6
What is the remainder when 34075 is divided by 111?
109
What is the remainder when 950 is divided by 30?
20
What is the remainder when 615 is divided by 189?
48
What is the remainder when 84 is divided by 33?
18
Calculate the remainder when 9583 is divided by 3191.
10
What is the remainder when 97 is divided by 47?
3
Calculate the remainder when 1116 is divided by 86.
84
Calculate the remainder when 291 is divided by 93.
12
What is the remainder when 737 is divided by 13?
9
What is the remainder when 184 is divided by 17?
14
Calculate the remainder when 1290 is divided by 83.
45
What is the remainder when 762 is divided by 15?
12
Calculate the remainder when 1538 is divided by 20.
18
What is the remainder when 1453 is divided by 242?
1
What is the remainder when 599 is divided by 60?
59
What is the remainder when 2409 is divided by 69?
63
Calculate the remainder when 6239 is divided by 26.
25
What is the remainder when 1199 is divided by 48?
47
Calculate the remainder when 87 is divided by 27.
6
What is the remainder when 306 is divided by 7?
5
Calculate the remainder when 1304 is divided by 27.
8
What is the remainder when 6753 is divided by 57?
27
Calculate the remainder when 48 is divided by 17.
14
What is the remainder when 3713 is divided by 93?
86
Calculate the remainder when 829 is divided by 53.
34
What is the remainder when 388 is divided by 125?
13
What is the remainder when 239 is divided by 5?
4
What is the remainder when 223 is divided by 219?
4
What is the remainder when 58 is divided by 31?
27
Calculate the remainder when 156 is divided by 53.
50
What is the remainder when 558 is divided by 184?
6
What is the remainder when 623 is divided by 78?
77
What is the remainder when 1635 is divided by 150?
135
Calculate the remainder when 25217 is divided by 97.
94
Calculate the remainder when 530 is divided by 41.
